4?
142
Calculate the highest common factor of 8960661 and 6.
3
Calculate the highest common divisor of 44 and 8630856.
4
Calculate the greatest common divisor of 50 and 8920370.
10
What is the highest common divisor of 27060836 and 88?
44
What is the highest common factor of 769620 and 484800?
6060
What is the greatest common factor of 20286 and 2770074?
414
What is the greatest common factor of 7885768 and 64?
8
What is the greatest common divisor of 232657 and 237381?
1181
Calculate the highest common divisor of 2428006 and 168.
14
Calculate the highest common divisor of 33444 and 8298.
18
Calculate the greatest common divisor of 529214975 and 129.
43
What is the greatest common factor of 2176 and 313616?
272
What is the highest common divisor of 908995 and 1370?
685
What is the greatest common factor of 41472 and 519885?
27
Calculate the greatest common factor of 7065 and 446665.
785
What is the greatest common divisor of 13078643 and 141?
47
What is the highest common factor of 1 and 186574352?
1
What is the greatest common divisor of 4454703 and 3816?
477
Calculate the greatest common factor of 159 and 771809373.
159
What is the highest common factor of 102 and 72682?
2
What is the highest common factor of 5121401 and 31658?
1439
What is the greatest common divisor of 1564 and 112954?
2
Calculate the highest common factor of 1438 and 38106281.
719
What is the highest common divisor of 3773765 and 35?
5
What is the highest common divisor of 265545 and 92449?
1967
Calculate the greatest common divisor of 104670 and 4350.
30
Calculate the highest common divisor of 317668 and 68224.
2132
What is the greatest common divisor of 2595931 and 13?
13
What is the highest common divisor of 23922 and 51030?
54
Calculate the highest common factor of 4180216 and 848.
424
What is the greatest common divisor of 618 and 803981229?
309
What is the highest common divisor of 223146 and 245?
49
Calculate the greatest common divisor of 987291 and 10106.
163
Calculate the greatest common divisor of 71574724 and 1924.
1924
Calculate the greatest common divisor of 65193 and 10944012.
2103
Calculate the highest common divisor of 17619210 and 35.
35
Calculate the highest common factor of 38930 and 28993690.
2290
What is the highest common divisor of 722724 and 2578452?
3156
What is the greatest common factor of 58230 and 38593550?
6470
What is the highest common factor of 1950797 and 193?
1
What is the greatest common factor of 1286409 and 56977?
227
Calculate the highest common factor of 641642970 and 30.
30
What is the greatest common divisor of 4662 and 310842?
126
Calculate the greatest common divisor of 1862738 and 3604.
106
Calculate the highest common factor of 366054242 and 9190.
1838
Calculate the greatest common divisor of 398943 and 8379.
171
Calculate the highest common divisor of 1726648 and 6391.
77
What is the greatest common divisor of 16846 and 742?
2
Calculate the greatest common factor of 346 and 13288995.
173
Calculate the highest common divisor of 1114481 and 93.
31
What is the highest common factor of 46856 and 54?
2
Calculate the greatest common factor of 407417 and 151126.
779
What is the highest common factor of 289002875 and 375?
125
Calculate the highest common divisor of 435474 and 37158.
6
What is the greatest common divisor of 33166 and 1668394?
1442
What is the highest common divisor of 12750885 and 14148?
3537
Calculate the highest common factor of 2185646 and 113.
113
Calculate the greatest common factor of 27379344 and 432.
48
What is the greatest common divisor of 3544 and 2355874?
886
What is the greatest common divisor of 7 and 1180906?
1
Calculate the greatest common factor of 9324 and 23281776.
252
Calculate the highest common factor of 107 and 18265756.
107
Calculate the highest common divisor of 176 and 2618209.
11
What is the highest common divisor of 330 and 14357130?
30
Calculate the greatest common divisor of 887 and 73183709.
887
What is the highest common factor of 106117 and 8770?
877
Calculate the greatest common divisor of 38725629 and 610834.
6233
Calculate the greatest common divisor of 60392 and 3032.
8
What is the highest common divisor of 229549321 and 3897?
433
Calculate the greatest common factor of 25344 and 11257344.
2304
What is the highest common divisor of 51290 and 109250?
230
Calculate the highest common divisor of 3031 and 103446.
7
What is the greatest common divisor of 21808 and 368386?
94
Calculate the greatest common divisor of 188676 and 4020.
12
Calculate the greatest common factor of 2871593 and 901.
53
What is the highest common factor of 13 and 1625533650?
13
What is the highest common divisor of 99838431 and 63?
63
Calculate the greatest common divisor of 588 and 22400056.
196
What is the greatest common factor of 28141671 and 501?
501
Calculate the highest common factor of 12440649 and 52839.
5871
What is the highest common factor of 15220 and 25740?
20
Calculate the highest common factor of 3634 and 50106374.
46
Calculate the greatest common divisor of 13 and 793741.
13
What is the greatest common divisor of 254924246 and 2?
2
What is the highest common divisor of 143 and 2239259?
11
What is the highest common factor of 210006468 and 2208?
276
Calculate the greatest common divisor of 29754130 and 630.
70
Calculate the greatest common divisor of 2223594 and 4554.
414
What is the highest common factor of 3450641 and 761639?
2449
Calculate the greatest common factor of 136095556 and 722.
722
What is the highest common factor of 74 and 2296903205?
37
What is the greatest common divisor of 618865410 and 34280?
8570
What is the greatest common divisor of 27565 and 21119045?
185
What is the highest common factor of 15673431 and 6?
3
Calculate the greatest common factor of 92859882 and 2.
2
Calculate the highest common factor of 134 and 168662.
2
Calculate the greatest common divisor of 5955010 and 16.
2
What is the greatest common divisor of 3320 and 50044850?
830
Calculate the highest common divisor of 203 and 2083123.
7
What is the greatest common divisor of 497 and 1389647?
7
Calculate the greatest common factor of 35965744 and 240.
16
What is the highest common factor of 5974888 and 221?
17
What is the greatest common factor of 25462 and 9454?
58
What is the greatest common factor of 17933310 and 5220?
2610
Calculate the highest common factor of 20854893 and 22384.
1399
What is the greatest common divisor of 5288 and 442408?
8
Calculate the highest common divisor of 187391 and 8683277.
1241
What is the highest common divisor of 1262 and 159162178?
1262
Calculate the greatest common divisor of 19904559 and 21.
3
What is the highest common divisor of 1808 and 445040?
16
Calculate the greatest common factor of 10 and 97636930.
10
Calculate the greatest common factor of 312 and 15647364.
12
What is the highest common factor of 12467 and 12537?
7
Calculate the greatest common factor of 660 and 558668.
44
What is the greatest common divisor of 486446289 and 6741?
2247
Calculate the greatest common divisor of 80567760 and 13104.
4368
What is the highest common factor of 77129 and 6001?
17
What is the highest common factor of 4980 and 1045332?
12
Calculate the greatest common divisor of 63195 and 20361.
33
What is the greatest common factor of 837 and 8694?
27
What is the highest common factor of 16231644 and 2340?
468
What is the highest common factor of 2290799 and 539?
49
What is the highest common divisor of 184 and 1289679?
23
What is the highest common divisor of 141 and 36032456?
47
What is the greatest common divisor of 2255 and 49461170?
2255
What is the greatest common factor of 110046823 and 2003?
2003
What is the greatest common factor of 1249920 and 44100?
1260
What is the highest common divisor of 221096460 and 45?
15
Calculate the highest common divisor of 1984 and 3187264.
64
Calculate the highest common divisor of 4912 and 201085.
307
What is the greatest common factor of 1726 and 137700280?
1726
Calculate the highest common factor of 935 and 138618.
17
Calculate the greatest common divisor of 7493824 and 4160.
832
What is the highest common divisor of 3075 and 3870975?
75
What is the greatest common divisor of 78 and 4139018?
26
What is the greatest common factor of 22 and 26194